3)/(-9)*9*-72. Is 30/(-50) + x/(-10) a prime number?
False
Suppose 2*i - 3*p = -13, -3*i + 0*p - 5*p = 10. Let q be (-1 - -594) + i + 4. Is ((q/(-4))/4)/(-1) composite?
False
Let d = 762 - 425. Is d a composite number?
False
Suppose 12844 = -5*u - 4*w, u - 2*w = -0*w - 2566. Let c be ((-6)/9)/((-4)/u). Let z = c + 927. Is z a prime number?
True
Let i = 6236 + -4441. Suppose -12*h + i = -7*h. Is h a prime number?
True
Let b(u) = -2040*u + 141. Is b(-6) prime?
False
Is (2593850/(-2100))/(2/24*-2) prime?
True
Suppose 0 = -2*x + n + 2*n + 127541, -3*n - 63778 = -x. Is x composite?
True
Let y = 9 + -8. Let l(c) = 5*c**2 - 2*c + 1. Let k be l(y). Suppose -k*t + 119 = -1341. Is t composite?
True
Let y = -12712 - -92505. Is y composite?
True
Suppose -337 = -n + 1396. Is n a prime number?
True
Let f(j) = -5*j**2 - 2*j + 3 - 2*j - 106*j**3 - 4*j + 9*j. Is f(-2) a composite number?
False
Let y(n) = n**2 - 15*n + 19. Let q be y(14). Suppose -3*c + 4*c = -4*g + 781, -g - 3905 = -q*c. Is c a composite number?
True
Let o be 2/5 + (-65)/(-25). Suppose -6*m + 3*m = -2*x - 87, 5*m = o*x + 146. Is m a prime number?
True
Let b = 24764 + -11529. Is b composite?
True
Let v(z) = -33*z + 47. Is v(-24) a prime number?
True
Let v(w) be the first derivative of 125*w**2/2 + 4. Let z be v(-2). Is z/(-8) - 4/16 a composite number?
False
Let c(p) = -p + 12. Let n be c(9). Suppose -5*x = -n*x - 648. Let w = x + -181. Is w prime?
False
Suppose 12*i + 20751 = 132795. Is i a composite number?
False
Suppose -7 = 2*r - 9*r. Let n(g) = 259*g. Is n(r) composite?
True
Suppose s - 21 = -6*s. Let p(u) = -27*u + 6. Let t be p(s). Let o = t + 144. Is o prime?
False
Suppose -12*l = -10*l + 3*t - 12508, l + 2*t - 6253 = 0. Is l a composite number?
False
Let x = -47 - -49. Suppose -x*r + 2*f - f = -666, -2*r - 3*f + 682 = 0. Is r composite?
True
Suppose -5*l = -p + 13, -2*l - 26 = -0*p - 3*p. Suppose -9*g = -p*g - 10. Is g prime?
False
Let x = 11 - 11. Suppose 7*o - 2*o - 20 = x. Suppose 1399 = o*u - 1125. Is u composite?
False
Let u be -1*(-1)/(4/(-4)). Let r be (u/(-3))/(2/60). Suppose -8*v + r*v - 958 = 0. Is v composite?
False
Suppose 2*g - 3601 = 5*j, 1300 = 2*g + 5*j - 2311. Is g a prime number?
False
Is -2 - (170936/(-20) - 6/30) a prime number?
False
Let j(w) = -149*w**2 - 7*w + 12. Let h be j(2). Let r = h + 1341. Is r composite?
False
Let r(q) = 116*q**2 + 9*q - 45. Is r(8) prime?
True
Let o(h) = -h**3 - 14*h**2 - 4*h - 12. Let v be o(-15). Let g = 143 - v. Let q = g - -195. Is q a composite number?
True
Suppose g - 4*g = -3*c + 18, 0 = 2*c + 2*g. Is ((-1068)/(-6))/(c + -1) a composite number?
False
Suppose 4*v - 4*w - 21 = 7, -5*v - 5*w = -15. Suppose 4*u + 2*l = 16, -v*l - 12 = -2*l. Suppose 0 = -5*a + 109 + u. Is a composite?
False
Suppose 39*j = 32*j + 51877. Is j a composite number?
False
Is 3*(-4)/4 + 326128/17 composite?
False
Let y(w) = -43*w + 5. Let k = 13 + -15. Is y(k) composite?
True
Is ((-33)/11)/(3/(-6779)) a prime number?
True
Let m be (-4)/(-20) + 1119/5. Suppose -3*v + 793 = 2*d, -d = 3*v - 142 - 652. Suppose m = 3*l - v. Is l prime?
True
Is (-282)/(-12)*134/1 a composite number?
True
Suppose 2*a - 3*a + 2716 = 2*b, 4*b - 5404 = 5*a. Suppose 168 = 6*n - b. Is n composite?
True
Let m be (18/(-4))/(6/(-1208)). Let y = -9 + 9. Suppose 2*f + 2*o - m = 0, -4*f + y*o + 1812 = o. Is f a composite number?
True
Suppose -2*l - 39 = -3*j, -l - 2*j + 22 = -2*l. Let k = 19 - l. Is k prime?
True
Let z(g) = 7*g + 6. Let q be z(-5). Let y be (-9 + 11)/((-2)/q). Let n = -18 + y. Is n prime?
True
Let a(c) = -3607*c - 6. Is a(-1) composite?
True
Let q be 3*(2 - 1) + -16. Let k = q + 20. Is k composite?
False
Is (-4)/(-20) + (-58320)/(-25) a prime number?
True
Suppose -3069 = -3*a + 2943. Suppose 0 = -6*b + 270 + a. Is b a composite number?
False
Let t(p) = p**3 - 9*p**2 - 15*p + 5. Let q be t(10). Let x = 107 + q. Is x a prime number?
False
Is 264/32*1412/3 a composite number?
True
Is (-2)/1*-3147*2/4 composite?
True
Let j = 23 - 19. Suppose h - 539 = 5*k, -h + k - 1601 = -j*h. Suppose 5*x - 721 = h. Is x a prime number?
True
Suppose -3*m = 5*v - 5740, -3*m = 7 + 8. Is v a composite number?
False
Suppose -5*r - 44 = -9*r. Is 1362 - ((-2)/(-1) + -12 + r) a composite number?
False
Suppose v + 7 = 4*v - 5*o, 0 = v + 2*o + 16. Let w(d) = d**2 - 14*d - 11. Is w(v) composite?
False
Let u(k) be the second derivative of k**3/6 + 5*k**2/2 + 6*k. Let f be u(5). Is (-10)/25 - (-354)/f prime?
False
Suppose 0 = -3*u + f - 6 - 1, -4*u - f = 21. Is (2/u)/((12/5752)/(-3)) a prime number?
True
Let j(o) = -127*o**3 + o**2 + 2*o + 1. Let y(m) = m**2 + 8*m - 10. Suppose -3*u = -7*u + 16, 2*u - 53 = 5*b. Let p be y(b). Is j(p) a composite number?
False
Suppose 5*u - 40060 = -118*f + 123*f, 4*u - f - 32039 = 0. Is u prime?
True
Let c(f) = 26*f + 233. Let n be c(-8). Suppose 2*m + 2 = -2. Let y = n + m. Is y a prime number?
True
Let a = 498 - 296. Let y = a - -49. Is y composite?
False
Suppose 3*y - 8 = 46. Suppose -12 + 4 = 4*a, -2*w + a + 18 = 0. Suppose 2*u - w = y. Is u a composite number?
False
Let w = -231 + 455. Let a = -164 + 233. Suppose -a = 5*g - w. Is g composite?
False
Suppose 10*s - 2087 - 2373 = 0. Suppose 3*m - s = -2*a, 4*m - 892 = -4*a - 0*m. Is a a composite number?
False
Let g(t) = 20*t - 18. Let s(n) = n. Let l(b) = g(b) + 3*s(b). Is l(5) prime?
True
Suppose 0 = -2*w - t + 51310, -4*w + 102640 = -3*t - 0*t. Is w a composite number?
False
Suppose 28 + 12 = 8*f. Suppose 835 = f*j + 5*x, 3*j = 3*x + 673 - 172. Is j composite?
False
Let f(k) = -2*k**3 - k**2 + 4*k + 5. Let z be f(-5). Suppose -5*u + i = -z, 4*u + 84 = 6*u - 2*i. Let v = -21 + u. Is v a composite number?
True
Suppose 3*k + 811 = -3*p + 11107, p - 17164 = -5*k. Is k a prime number?
True
Is 45/12*27505/45*12 composite?
True
Suppose -17*m + 14*m = 0. Is 187 - (m - (1 - -3)) a composite number?
False
Suppose 2*t = -4*n + 14319 + 637, -3*n + t = -11217. Is n prime?
True
Suppose 6*g - 1543 = 5*g. Is g composite?
False
Suppose -53*j - 31927 = -60*j. Is j composite?
False
Let d = 27 - 15. Let u(q) = 9*q - 4 - 2*q - 9 - q. Is u(d) composite?
False
Is 11/(99/(-3342))*255/(-10) composite?
True
Suppose -v + 109 = -293. Suppose -o = -2*o - v. Is (o/(-5))/(6/15) prime?
False
Let u = 13985 + 606. Is u a composite number?
False
Let v be (-4)/(-2) - (-1 + -2). Is 2/v - 743/(-5) prime?
True
Suppose 3*i - 4669 = -2*z + 1413, z + 3*i = 3047. Is z a composite number?
True
Let n = -43 - -48. Suppose 629 = 2*a - d, -a + 218 = -n*d - 101. Is a composite?
True
Let w be (-2906)/4*(-5 - (-4 + 1)). Suppose 6*g - w - 3989 = 0. Is g a composite number?
False
Suppose 2*x + 4 - 24 = 0. Suppose 28 = 2*u + x. Let o(s) = s**2 + 5*s - 13. Is o(u) composite?
False
Let b(m) = -15*m**3 - m**2 - m. Let d be b(-1). Suppose -10*y + d*y - 185 = 0. Is y prime?
True
Let g = 24445 + -11994. Is g prime?
True
Suppose -2*t - 3*t + 2185 = 0. Let z be (t + (4 - 8))/1. Suppose 0 = 4*c - z - 163. Is c prime?
True
Suppose i + 103 = -4*i - 2*c, -i + 2*c - 11 = 0. Let q = 26 + i. Suppose 2*w - q*w + 795 = 0. Is w a prime number?
False
Let a be (6/(-9))/((-4)/13518) - 2. Let i = a - 1212. Is i a prime number?
True
Is -11 + 12 - 4344/(-3 - -1) composite?
True
Suppose -5*i = -2*a + a + 1268, -2*a + 2521 = -5*i. Is a prime?
False
Let j be -2*-4*6/(-16). Let z = j + 7. Suppose z*c - 15 = 37. Is c prime?
True
Let x = -3003 + -573. Let h be x/(-20) + 1/5. Suppose -4*j + 97 + h = 0. Is j a prime number?
False
Let h be (-6753)/(-15) - (-4)/5. Let z = -681 + h. Let k = z - -336. Is k a prime number?
False
Let t = -162 - -483. Suppose 3*c = -6, 2*h - 2*c + 599 - 215 = 0. Let d = t + h. Is d a composite number?
False
Let t(h) = -8*h**2 - 2*h + 4. Let y be t(6). Let j = 35 - y. Is j a prime number?
True
Suppose 2*h = -g - 0*g - 9, 5*g + 27 = -h. Let f = -2 - h. Suppose 0 = -4*q - 2*j - f*j + 358, 0 = -3*j - 9. Is q a composite number?
True
Suppose -907*y - 402699 = -940*y. Is y a prime number?
True
Is 10875 + -1*(15/5 - 5) composite?
True
Is 11761632/540 + 12/10 + -1 a prime number?
False
Let u(i) = 4*i**2 + 32*i + 151. Is u(43) prime?
True
Let t be 2/(-5)*(3 - 8). Suppose 0 = -n - t*z - 3, 3*n + 5*z = -n. Suppose -w - 4*s - 683 = -4*w, -n*w - 4*s + 1085 = 0. Is w a prime number?
Fal